te the remainder when f is divided by 8.
4
Suppose -41*c + 45*c = 3*r + 72, -c + 5 = -4*r. Calculate the remainder when 1257 is divided by c.
18
Let p be (0 - -84)*1/(-2). Let a be 3/(12/4) - p. Let u = -18 + a. Calculate the remainder when u is divided by 7.
4
Suppose 34 - 7 = w. Suppose 4*i - 422 = -3*f - 38, -3*f - 2*i + 390 = 0. Calculate the remainder when f is divided by w.
24
Suppose -86 = -4*d + 5*n, 8 = 390*n - 386*n. What is the remainder when (-1932)/(-22) + (-4)/(-22) is divided by d?
16
Suppose -4*h = -2*l + 142, -97*l - 4*h - 325 = -102*l. What is the remainder when 813 is divided by l?
20
Let w = 153 + -109. Let y = -40 + w. What is the remainder when 2615/35 - y/(-14) is divided by 26?
23
Let m(b) = -b**3 - 2*b**2 - 25. Let s be m(0). Calculate the remainder when 8/(-5) + 2 + (-4390)/s is divided by 30.
26
Suppose 20*z - 17*z = 2*m + 266, 3*z - 278 = 5*m. Calculate the remainder when z is divided by 72/7 + -5 + (-2)/7.
1
Suppose -n + 224 = -u + 557, -5*u + 4*n + 1671 = 0. What is the remainder when u is divided by 84?
3
Suppose 6*r = 86*r - 2908 - 131332. What is the remainder when r is divided by 65?
53
Suppose 5*r - 2338 = 2*c, c - 1271 = -4*r + 615. Calculate the remainder when r is divided by 139.
53
Let b be ((-4)/6)/((-6)/(-45)). Let i be (30/4)/(b/((-30)/3)). What is the remainder when (72/i)/((-2)/(-10)) is divided by 13?
11
Suppose v - 425 = -5*d, 1802 = 4*v - d + 186. Calculate the remainder when v is divided by 160/(-440)*638/(-4).
57
Let p(w) = w**3 + 15*w**2 + 27*w + 16. Let a be p(-13). Suppose 4*q - 4*b = 304, 2*q - a*q - 2*b = -82. Calculate the remainder when q is divided by 27.
24
Calculate the remainder when 417 is divided by (-4)/(-14) + (4715/(-15))/((-119)/51).
12
Suppose 0 = -18*y + 19*y - 6. What is the remainder when (-10 + 2 - 1)/(-1) is divided by (48/20)/(y/10)?
1
Let a = -32 - -34. Suppose -9 - 3 = -a*b. Suppose 0 = -x - b*x + 238. What is the remainder when 67 is divided by x?
33
Let x(i) = -4*i - 50. Let l be x(-13). Suppose 8*m - 28 = 4*m + 4*b, -l*m - 3*b + 14 = 0. Calculate the remainder when m is divided by 6.
1
Suppose 4 + 6 = m. Suppose -330 = -m*o - o. Calculate the remainder when 116 is divided by o.
26
Suppose 133*u + 37*u = 138210. What is the remainder when u is divided by 30?
3
Suppose -5*d = -15*d + 8700. Calculate the remainder when d is divided by 21.
9
Suppose -443*w + 439*w + 1422 = -5*v, -4*w + 1428 = -4*v. Calculate the remainder when w is divided by 49.
20
Let q be (534/(-4))/(-3) - 6/(-12). Let r = 50 - q. What is the remainder when 47 is divided by r?
2
Let d(l) = l**3 + 7*l**2 - l - 1. Let c be -11 - -6 - (0 + 1). Let q be d(c). Calculate the remainder when 4*q + (5 - (-9 - -13)) is divided by 12.
9
Let h = 197 - 178. Calculate the remainder when 21 is divided by (2/3)/((-2)/15) + h.
7
Suppose 3*i + 5 = -7, -x = -2*i + 284. Let b = 415 + x. Calculate the remainder when 242 is divided by b.
119
Let l be (-6)/(60/(-25))*184/2. Let a = -208 + l. Suppose 5*q + 355 = 1120. Calculate the remainder when q is divided by a.
21
Suppose 0 = -5*y - 3 + 13. Suppose -57 = -2*q - r, -r - 120 = 3*q - 207. Let z(c) = -c + 32. What is the remainder when y is divided by z(q)?
0
Let t(l) be the second derivative of 11*l**3/6 - 7*l**2 + 156*l. Calculate the remainder when t(12) is divided by 44.
30
Let n(c) = -c**2 + 11*c + 6. Let a be 6/(-4) + (-2)/((-12)/75). What is the remainder when 22 is divided by n(a)?
4
Suppose 3*n = 3*f - 84, 4*n = 2*f + 3*f - 144. Suppose -5*z = -137 + f. What is the remainder when 100 is divided by z?
16
Suppose 17*a + 9 = 468. What is the remainder when 2400 is divided by a?
24
Calculate the remainder when 2277 is divided by ((-352)/154)/(28/(-490)).
37
Let p = -5725 + 5757. Calculate the remainder when 4954 is divided by p.
26
Let x(w) = -113*w**3 - w**2 - 2*w - 1. Let q be x(-1). Suppose q - 95 = 2*m. Calculate the remainder when 14 is divided by m.
5
Let h be (-16)/(-72) + (-2)/9. Suppose 0*x + 2*x = -a + 75, h = -5*x - 25. What is the remainder when (34/a)/(1/140) is divided by 12?
8
Suppose -25 = 4*h - 33, 3*z + 4*h = 86. What is the remainder when 695 is divided by z?
19
Let d = 3 + 6. Let u(a) = 2*a**2 + a - 1. Let z(w) = -5*w**2 - 22*w + 13. Let s(j) = -3*u(j) - z(j). What is the remainder when s(d) is divided by 28?
24
Suppose -4*r + 5*w = -528, -4*r + 203 + 301 = w. Suppose 323 = 4*i + 2*x + r, 2*i + 4*x = 86. Let q = i + -30. What is the remainder when 62 is divided by q?
20
Suppose -31*r - 23952 = -79*r. What is the remainder when r is divided by 159?
22
What is the remainder when 1959 is divided by (-2)/31 + (-75816)/(-7533)?
9
Let k(l) = 2*l - 18. Let j be k(11). Let d = j - 2. Suppose -d*b - 30 = -5*b. What is the remainder when 38 is divided by b?
8
Let o(l) = -l**3 + l**2 + 2*l + 2. Let j = 21 - 27. Let m be o(j). Suppose -n = n - m. Calculate the remainder when n is divided by 31.
28
Suppose 0 = 3*b - 91 - 740. Let l(k) = 82*k + 6815. Calculate the remainder when b is divided by l(-83).
7
Let h(m) = 3*m - 105. Let a be h(14). What is the remainder when 325 is divided by a/6*(-44)/7?
61
Let z = 242 + 109. Suppose 20*c + 132 = 452. Calculate the remainder when z is divided by c.
15
Suppose 446 - 182 = 98*r - 2578. Suppose -304 = -6*w + 2*w. What is the remainder when w is divided by r?
18
Suppose -41*u = -39*u - 526. Suppose -7*v - 81 = -u. What is the remainder when 44 is divided by v?
18
Suppose -463 - 121 = -4*d. Suppose 34401 = 892*y - 13932 + 2841. Calculate the remainder when d is divided by y.
44
Suppose 47*p - 72 = 45*p. Suppose -9*c + 45 + p = 0. Suppose 104 = -5*t + c*t. Calculate the remainder when 179 is divided by t.
23
Let w(f) = -2*f**2 + 87*f - 587. What is the remainder when 765 is divided by w(33)?
23
Suppose 1878 = -27*z + 32874. Calculate the remainder when z is divided by 23.
21
Suppose -41 - 16 = -3*y. Let b(f) = -1914*f - 38213. Calculate the remainder when b(-20) is divided by y.
10
Let w = 22 + 2. Suppose 0 = 4*n + 6*t - 4*t - 56, t - 56 = -4*n. What is the remainder when w is divided by n?
10
Let i be (-20)/15 + (6/(-9))/1. Calculate the remainder when (-5)/(-20)*-2 + (-81)/i is divided by 9.
4
Let w(q) = -9*q - 433. What is the remainder when 144 is divided by w(-56)?
2
Let y(g) = -8 + 4*g**2 + 22*g - 36*g + 4*g**2 - g**3 + 17*g. Calculate the remainder when y(7) is divided by 16.
14
Suppose -71*l - 72 = -77*l. Calculate the remainder when 211 is divided by l.
7
Let x = -16351 + 16436. Calculate the remainder when 271 is divided by x.
16
Let t = -760 - 70. Let j = 927 + t. Calculate the remainder when j is divided by 52.
45
Let t(z) = -12*z - 26. Let g be t(21). Let v = 346 + g. Calculate the remainder when 473 is divided by v.
65
Let q be (83/(-5))/((-14)/70). Suppose -q*x = -78*x - 1470. What is the remainder when x is divided by 8?
6
Let s = 488 - 475. Suppose -39 = -q - z, -q + 2*z = -20 - s. What is the remainder when q is divided by 19?
18
Let k = 304 + -295. Suppose -383 = k*u - 1283. Calculate the remainder when u is divided by 17.
15
Let o be -10*(-5 + 3 - -1). Suppose 0 = o*t - 16 - 184. Let l = -26 - -38. What is the remainder when t is divided by l?
8
What is the remainder when 2749 is divided by (((-608)/(-48) - 13) + 1/(-6))*-62?
21
Let f = 408 + -232. Suppose 21 = -5*r + f. What is the remainder when r is divided by 7?
3
Let f be (1148 + 1)*75/225. Let h = f + 64. What is the remainder when h is divided by 25?
22
Suppose 10*s + 44 = 21*s. Suppose i - 16 = 3*n, -n + s*n = 5*i - 128. Calculate the remainder when 191 is divided by i.
23
Let t = 3516 + -3141. What is the remainder when t is divided by 47?
46
Suppose 3 + 48 = 4*j - 5*z, 2*j - 24 = 2*z. Calculate the remainder when 1454 is divided by j.
5
Let p = 2897 + -2824. What is the remainder when p is divided by 15?
13
Let o(q) = -q**2 + 7*q - 4. Let n be o(6). Let h(a) = 39*a**2 - 95*a + 10. Let c be h(5). What is the remainder when 90 is divided by c/22 - ((-12)/(-33))/n?
21
Let j = 515 - 366. What is the remainder when j is divided by 78?
71
Let v(j) = 15*j**2 - 9*j - 1. Let z(d) = d**2 - d. Let l(g) = v(g) - 5*z(g). Let s = 95 - 57. What is the remainder when s is divided by l(-1)?
12
Suppose 11*i = -7*i + 1926. What is the remainder when i is divid